. Give b(-5).
1
Let k(x) = 124*x**2 - 48*x + 88. What is k(2)?
488
Let o(u) = 2216*u + 64260. What is o(-29)?
-4
Let j(k) = 5*k**2 + 920*k + 919. Determine j(-1).
4
Let u(n) = 28*n - 75. Calculate u(9).
177
Let i(y) = 10*y**2 - 7*y - 10. What is i(-4)?
178
Let o(b) = b**3 + 43*b**2 + 275*b - 57. Calculate o(-8).
-17
Let g(r) = 2*r**3 - 72*r**2 + 68*r + 61. Determine g(35).
-9
Let d(n) = -n**3 - 11*n**2 + 5*n + 32. Calculate d(-11).
-23
Let d(y) = -y**3 + 30*y**2 - 33*y + 113. What is d(29)?
-3
Let g(v) = -51*v + 711. Give g(14).
-3
Let c(r) = r**3 - 54*r**2 + 104*r - 130. Give c(52).
-130
Let k(h) = h**3 - 3*h**2 - 26*h - 109. What is k(8)?
3
Let f(o) = 3*o**3 + 14*o**2 + 6*o - 35. What is f(-3)?
-8
Let k(v) = 20*v + 100. Calculate k(-12).
-140
Let x(m) = 7*m**2 - 32*m - 103. Give x(8).
89
Let i(r) = -4*r**2 + 54*r + 73. Calculate i(14).
45
Let f(w) = 9*w**2 - 160*w - 141. Calculate f(19).
68
Let j(a) = 3*a**2 - 51*a - 318. Determine j(22).
12
Let z(l) = 2*l**3 + 70*l**2 + 571*l - 19. Give z(-13).
-6
Let q(v) = 456*v + 10417. Calculate q(-23).
-71
Let a(t) = 767*t + 85904. Calculate a(-112).
0
Let r(c) = c**3 + 14*c**2 + 12*c - 64. What is r(-13)?
-51
Let u(q) = 8*q**2 - 128*q + 384. Calculate u(3).
72
Let a(u) = u**2 + 16*u + 22. What is a(-19)?
79
Let n(o) = o**3 - 12*o**2 + 29*o - 3. What is n(4)?
-15
Let p(a) = 235*a - 656. Calculate p(3).
49
Let p(b) = b**3 + 10*b**2 + 23*b - 11. Determine p(-6).
-5
Let o(y) = 119*y + 947. Give o(-8).
-5
Let t(d) = 27*d + 1689. What is t(-52)?
285
Let m(v) = -2*v**3 + 16*v**2 + 19*v - 124. What is m(8)?
28
Let s(m) = 34*m + 191. Determine s(-6).
-13
Let k(i) = -i**3 - 10*i**2 + 71*i + 14. Determine k(-15).
74
Let r(f) = -48*f - 6. What is r(-9)?
426
Let b(r) = r - 26. What is b(3)?
-23
Let w(l) = 3325*l - 46556. What is w(14)?
-6
Let u(m) = 5*m**3 - 55*m**2 - m + 8. Determine u(11).
-3
Let k(u) = u**3 + 19*u**2 - 126*u - 141. Calculate k(-24).
3
Let h(r) = r**3 + 91*r**2 + 11*r + 998. Calculate h(-91).
-3
Let y(h) = -3533*h - 10546. Determine y(-3).
53
Let f(z) = z**3 - 51*z**2 + 100*z - 21. Give f(49).
77
Let g(w) = 28*w - 574. Give g(23).
70
Let b(t) = 5*t**2 - 1013*t + 2601. Determine b(200).
1
Let a(j) = 1525*j**2 + 10675*j + 16. Determine a(-7).
16
Let w(u) = -564*u + 2163. Give w(4).
-93
Let p(w) = -w**2 + 38*w - 378. Determine p(21).
-21
Let m(n) = -10*n + 401. Give m(52).
-119
Let j(s) = -44*s - 904. Calculate j(-21).
20
Let d(u) = -231*u + 3057. Give d(12).
285
Let c(b) = b**3 - 28*b**2 + 166*b - 396. Determine c(21).
3
Let j(o) = 6*o**3 + 273*o**2 - 134*o + 193. Determine j(-46).
9
Let b(q) = 3565*q - 7148. Determine b(2).
-18
Let u(x) = 4*x**3 + 17*x**2 + 22*x + 185. Calculate u(-5).
0
Let w(r) = -48*r + 1868. Determine w(38).
44
Let y(d) = -2*d**3 + 109*d**2 - 52*d - 108. Calculate y(54).
0
Let n(g) = 50*g**2 - 322*g - 25. Calculate n(7).
171
Let x(h) = 560*h + 1675. Calculate x(-3).
-5
Let v(o) = 7*o - 288. Calculate v(34).
-50
Let g(m) = -33*m - 36. Calculate g(5).
-201
Let t(s) = -474*s + 946. Determine t(2).
-2
Let w(k) = k**3 - 19*k**2 + 47*k + 9. Determine w(16).
-7
Let r(v) = -58*v + 363. Calculate r(6).
15
Let n(j) = -10*j + 103. Give n(10).
3
Let u(h) = -111*h + 8675. Determine u(78).
17
Let d(w) = -6910*w - 20725. Give d(-3).
5
Let n(l) = -357*l - 1164. Give n(-3).
-93
Let s(j) = -171*j + 263. Determine s(2).
-79
Let f(s) = -3*s**2 + 44*s + 75. Determine f(15).
60
Let c(z) = z**3 + 9*z**2 + 12*z - 19. Determine c(-6).
17
Let a(o) = 60*o - 9121. Determine a(153).
59
Let f(x) = -x**2 - 11*x + 413. Determine f(-26).
23
Let l(m) = -m**3 - 2*m**2 + 26*m + 74. Determine l(-5).
19
Let w(r) = -16*r**2 + 118*r - 119. Calculate w(1).
-17
Let t(y) = -5*y**3 - 36*y**2 - 7*y + 12. Determine t(-7).
12
Let s(m) = -8*m**2 + 33*m - 49. What is s(2)?
-15
Let l(j) = 2*j**2 - 49*j + 221. Give l(5).
26
Let c(i) = 54*i - 349. Calculate c(7).
29
Let b(t) = 2*t**2 + 181*t - 19767. What is b(64)?
9
Let r(v) = -14*v**3 + 73*v**2 - 6*v - 27. Give r(5).
18
Let i(h) = 2367*h - 14231. Give i(6).
-29
Let g(p) = -19852*p + 198519. Determine g(10).
-1
Let x(d) = -3*d**2 + 7*d + 2456. Determine x(-28).
-92
Let s(z) = 278*z + 5572. What is s(-20)?
12
Let r(t) = 56*t + 466. Determine r(-10).
-94
Let u(c) = -58*c**2 - 1278*c - 32. Give u(-22).
12
Let c(u) = -749*u + 12704. Calculate c(17).
-29
Let u(b) = -b**3 - 78*b**2 - 90*b - 1001. Determine u(-77).
0
Let i(o) = 12*o - 204. What is i(18)?
12
Let g(w) = -w**2 - 247*w + 5036. Calculate g(19).
-18
Let j(f) = 16*f**2 + 64*f - 11. What is j(-5)?
69
Let k(w) = -w**3 + 98*w**2 - 546*w - 552. Calculate k(92).
0
Let v(o) = -o**2 + 124*o + 6165. What is v(-38)?
9
Let h(y) = -298*y + 185. Calculate h(1).
-113
Let h(d) = -5*d**2 + 4*d. Give h(3).
-33
Let z(t) = t**2 - 13*t - 22. Calculate z(16).
26
Let o(m) = -m**2 + 19*m - 62. What is o(13)?
16
Let a(w) = w**3 + 2*w**2 - 19*w - 46. What is a(-3)?
2
Let h(d) = d**2 - 121*d - 2027. Determine h(-15).
13
Let r(c) = -57*c - 182. Give r(-4).
46
Let y(n) = -348*n**3 + 1. Give y(-1).
349
Let n(x) = 7*x**3 - 6*x**2 + 12*x + 33. What is n(-2)?
-71
Let n(i) = i**3 - 241*i**2 - 1208*i - 5408. Determine n(246).
4
Let s(f) = -43*f - 1359. Determine s(-21).
-456
Let y(t) = 108*t - 819. Determine y(7).
-63
Let a(g) = -3*g**3 + 32*g**2 - 267*g + 2490. Calculate a(10).
20
Let m(v) = 6*v**2 + 5. What is m(-1)?
11
Let h(l) = -20*l**2 - 62*l + 122. What is h(2)?
-82
Let a(r) = -2*r**2 + 512*r + 5863. Give a(-11).
-11
Let d(w) = w**3 + w**2 + 88*w - 88. Give d(0).
-88
Let t(d) = 461*d**2 - 3222*d - 6. Give t(7).
29
Let g(q) = 8*q**3 + 39*q**2 - 7*q. Calculate g(-5).
10
Let v(r) = -694*r + 10388. Calculate v(15).
-22
Let v(f) = 13*f**3 - 35*f - 35. Determine v(-1).
-13
Let m(x) = 30*x - 216. Give m(5).
-66
Let w(u) = -110*u**2 - 654*u + 31. What is w(-6)?
-5
Let k(v) = 243*v - 20159. Calculate k(83).
10
Let c(g) = -11*g**2 - 38*g - 35. Determine c(-1).
-8
Let f(i) = 52*i + 122. Determine f(-2).
18
Let o(i) = i**3 + 10*i**2 - 9*i - 22. Calculate o(-11).
-44
Let p(s) = 304*s**3 + s - 1. Give p(-1).
-306
Let a(j) = -7*j**2 + 148*j - 41. What is a(21)?
-20
Let m(c) = -49*c + 185. Determine m(-5).
430
Let l(y) = 39*y + 128. Calculate l(-3).
11
Let y(g) = -32*g**3 + 161*g**2 - 17*g + 35. Calculate y(5).
-25
Let z(m) = m**2 + 102*m - 1630. Calculate z(-116).
-6
Let i(o) = 22*o**2 + 23*o - 56. What is i(2)?
78
Let y(q) = -2*q**3 - 21*q**2 - 56*q - 466. Determine y(-10).
-6
Let i(n) = -27*n**2 + 52*n - 3. Determine i(2).
-7
Let z(r) = -7321*r - 21953. Calculate z(-3).
10
Let q(s) = -4*s**3 - 75*s**2 + 23*s + 61. Determine q(-19).
-15
Let f(l) = -2*l**3 + 7*l**2 + 174*l - 96. Determine f(11).
3
Let s(n) = -n**3 + 37*n**2 - 135*n + 3. Calculate s(4).
-9
Let z(k) = -k**2 + 22*k + 2076. Determine z(-36).
-12
Let h(r) = -3609*r + 3593. What is h(1)?
-16
Let b(k) = -k**2 + 87*k + 10773. Determine b(156).
9
Let h(x) = x**3 - 71*x**2 + 142*x - 281. Calculate h(69).
-5
Let i(k) = -10*k - 191. Calculate i(-16).
-31
Let z(v) = -5*v**2 + 241*v + 685. Give z(51).
-29
Let w(s) = s**3 - 3*s**2 + 12*s - 13. What is w(5)?
97
Let u(z) = 11*z**2 + 5612*z + 5613. Determine u(-1).
12
Let i(n) = -83*n - 2240. Determine i(-27).
1
Let p(y) = -32*y**2 + 1. Determine p(-1).
-31
Let z(k) = -979*k + 9791. Calculate z(10).
1
Let v(p) = p**3 - 2*p**2 + 3*p - 12. Determine v(-4).
-120
Let w(l) = -5*l - 108. What is w(0)?
-108
Let u(z) = -z**3 - 2*z**2 + 25*z + 45. Calculate u(-6).
39
Let o(u) = -6*u**2 - 106*u + 22. What is o(-18)?
-14
Let v(l) = 3*l**3 + 134*l**2 - 41*l + 145. What is v(-45)?
-35
Let q(f) = -f**2 - 160*f + 1157. What is q(7)?
-12
Let f(t) = -2*t**2 - 132*t - 807. Calculate f(-58).
121
Let d(a) = -9105*a + 9100. Give d(1).
-5
Let h(c) = -278*c - 4260. Calculate h(-15).
-90
Let q(b) = -23*b - 778. What is q(-23)?
-249
Let n(k) = 30*k**2 - 23*k + 41. Calculate n(2).
115
Let z(y) = -y**3 - 11*y**2 + 64*y - 250. What is z(-16)?
6
Let z(g) = 406*g**2 - 4464*g - 25. Calculate z(11).
-3
Let y(a) = 2*a**2 - 9*a - 1. Calculate y(10).
109
Let x(m) = m + 89. Give x(-21).
68
Let r(q) = -3*q**3 - 33*q**2 + 304*q - 4. Give r(6).
-16
Let q(x) = -21*x**3 + 337*x**2 - 57*x + 649. Determine q(16).
-7
Let h(i) = 102*i + 346. Give h(-5).
-164
Let x(u) = -31*u + 1511. Determine x(48).
23
